 -3*w + 1735 = -4*a. Let p be -1 - (-2 - 732)*1. Let o = p + a. What is the highest common divisor of 27 and o?
27
Let y be (759/(-92))/((-1)/4*1). What is the highest common divisor of 6 and y?
3
Let w(l) = 2*l**3 - l**2 + l - 2. Let p = 17 - 12. Suppose 0 = p*f - 9 - 1. Let t be w(f). What is the highest common factor of 18 and t?
6
Let v = 4 - 1. Let g be v - 4 - (-21 - -1). Let f be 6/3 - 3 - -134. What is the greatest common factor of g and f?
19
Suppose 14 - 44 = -5*p. Suppose 0 = 3*d - d + t - 3, t + 17 = 3*d. Let r = 5 + d. What is the highest common divisor of r and p?
3
Let x be (48/30 + 0)*120. What is the highest common divisor of 48 and x?
48
Let a(y) = -4*y**3 - 5*y**2 + 7*y + 6. Let d be a(-4). Calculate the highest common divisor of d and 22.
22
Let x(b) = 6*b + 20. Let s(u) = -5*u - 19. Let i(v) = 7*s(v) + 6*x(v). Let m be i(13). Suppose 2 = 2*z - m. What is the highest common factor of z and 1?
1
Suppose 3*a - 1424 = 226. Let d = -163 + a. Suppose 0 = -5*i + 33 + d. What is the highest common divisor of i and 12?
12
Let p be (1 - -3)/((-1)/(-12)). Calculate the highest common divisor of 180 and p.
12
Let t be 158/12 - (5/30)/1. Let n be 1 - (0 + -2 + 1). Suppose 3*c + 3 = 0, 0*c - 177 = -n*p - 5*c. What is the highest common factor of t and p?
13
Let n(f) = -3*f**3 - 5*f**2 + 2*f - 2. Let k = 17 - 21. Let a be n(k). Suppose a = 3*y + 3. What is the highest common factor of y and 22?
11
Suppose -928 = -2*f + 4*w, -2*f + 7*f - 3*w - 2313 = 0. Calculate the greatest common factor of f and 198.
66
Suppose -5 = -4*c - 1. Let f(n) be the first derivative of n**2 + 17*n - 15. Let d be f(-5). Calculate the highest common divisor of d and c.
1
Suppose 5*m - 310 = -5*j, -4*m - j - 11 + 253 = 0. Let z be (6/(-15))/(6/(-180)). What is the greatest common factor of z and m?
12
Suppose 2*s = -3*a + 85, s - 25 = -a + 3*a. Let y(i) = -i**2 - 8*i - 6. Let t be y(-5). Let z be s*-2*t/(-6). What is the highest common factor of z and 21?
21
Let p = -23 - -13. Let f be (-12)/p*(-5)/(-2). Suppose k = -f*k + 48. What is the highest common divisor of k and 108?
12
Let o be (-14)/(-4) - (-4)/(-8). Let s be (-7)/o*-4*3. Suppose -112 = -4*m + s. Calculate the highest common divisor of m and 7.
7
Suppose 3*s = -7 + 1, -2*i + 36 = 2*s. Let h(j) = i*j**2 - 4 + 9 - 5. Let r be h(-1). Calculate the highest common factor of 10 and r.
10
Suppose 2*c - 3 + 3 = 0. Suppose 63*m - 64*m + 22 = c. Suppose 0 = -5*f - 5*w + 135, -3*f = -f + w - 49. Calculate the highest common factor of f and m.
22
Let l(d) = -d**3 - 15*d**2 - 14*d + 14. Let t(o) = -o**3 - 5*o**2 - o - 2. Let q be t(-4). Let f be l(q). What is the highest common factor of f and 21?
7
Suppose -y = -10 - 60. Suppose 53*r - 57*r + 40 = 0. What is the greatest common factor of r and y?
10
Suppose 0 = 4*w - 3*w - 363. Let s = -171 - -204. Calculate the greatest common factor of w and s.
33
Let s(o) = -o**3 + 14*o**2 - 26*o + 18. Let f be s(12). Let b be 12/(-8)*56/f. Calculate the highest common divisor of 2 and b.
2
Let i(j) = -j**3 + 10*j**2 + 4*j + 8. Let q be i(10). Calculate the highest common divisor of q and 528.
48
Let a be 1/2 + 118/4. Suppose 3*z + 93 - 318 = 0. What is the greatest common divisor of a and z?
15
Suppose -k + 10 = t, 4*t = 4*k + 31 + 9. Let h = t + -1. Calculate the greatest common factor of 81 and h.
9
Suppose 4*f - 96 = 5*c, 0 = -4*f - 20*c + 17*c + 96. Let d(g) = -2*g - 2. Let w be d(-4). What is the greatest common factor of w and f?
6
Let f(i) be the first derivative of -5*i**2/2 - 3*i + 15. Let g be f(-3). Calculate the highest common factor of 84 and g.
12
Let l(i) = 9*i**2 - 4*i - 11. Let d be l(5). Suppose 4*t - d = -2. What is the greatest common factor of t and 6?
6
Suppose 12*w - 9*w - 18 = 0. Suppose 0 = d + 2*j - w, 2*j - 16 = 3*d - 58. What is the greatest common factor of d and 60?
12
Let n = -256 + 338. What is the highest common divisor of n and 1066?
82
Let z be (0/(-3) + 1)/(5/265). Suppose 2*y + y - l = z, -4*y = 4*l - 76. Let a(c) = 11*c - 1. Let u be a(5). Calculate the greatest common divisor of y and u.
18
Let k(y) = -3*y - 3. Let w(s) = 4*s + 4. Let n(r) = -5*k(r) - 4*w(r). Let j be n(-5). Let z = 108 - 107. What is the greatest common divisor of j and z?
1
Let c be 7 + (-15)/10*2. Let d be (2 + -1)*-1*(-9 - c). What is the greatest common divisor of 39 and d?
13
Suppose -280*u - 110 = -285*u. Calculate the highest common divisor of u and 44.
22
Suppose 0*o + 18*o - 12222 = 0. Calculate the highest common divisor of 194 and o.
97
Let p = 117 - 61. Calculate the highest common factor of p and 756.
28
Let k be (-60 + 5)*(-4)/10. What is the highest common divisor of k and 4?
2
Suppose 0*s + 12 = 2*s. Let n be -1*11*(s - 7). Suppose -5*b + 0 = -20, 5*w - 177 = -3*b. What is the greatest common factor of n and w?
11
Let r(t) = -11*t - 8. Let a be r(-7). Let q = 21 - a. Let j be (-976)/q + 1/(-3). What is the greatest common divisor of 4 and j?
4
Suppose -5*x - 2*y + 538 = 0, -83*x - 2*y - 110 = -84*x. What is the greatest common factor of x and 228?
12
Let j = 2071 - 1221. What is the greatest common divisor of j and 68?
34
Suppose -5*f - 5*o = -10, -5*o + 1 + 2 = 4*f. Let k be 8/(-4) + 14/1. Suppose -f*w - 65 = -k*w. What is the greatest common factor of w and 65?
13
Let u = 166 - -3. Let d = -394 - -407. What is the highest common factor of u and d?
13
Suppose 5*a + 20 = 0, -5*g + 3*a = -2*g - 30. Suppose 0 = g*t - 4*t - 112. What is the highest common divisor of t and 7?
7
Let i(k) = 9*k**2 - 61*k + 6. Let s be i(7). What is the greatest common factor of s and 260?
20
Let f(l) = l**2 + 9*l. Let n be f(-10). Let a = -332 + 442. What is the greatest common divisor of n and a?
10
Let q be (-5)/(80/(-958)) + 4/32. Calculate the highest common divisor of 15 and q.
15
Let w = 766 + -702. What is the highest common divisor of w and 1?
1
Let q be (39/(-6))/(406/68 - 6). What is the highest common factor of q and 26?
13
Suppose 99 = 3*v - 66. Let s = 115 - v. Suppose -1273*t - 180 = -1288*t. Calculate the highest common factor of s and t.
12
Let c be 2/(-5) - (-142)/5. Let a be (6 + 112/(-24))*(-105)/(-20). Calculate the highest common divisor of a and c.
7
Let b be ((-16)/6)/(19 - (-6675)/(-351)). Calculate the highest common factor of b and 42.
6
Let k = 45 - 31. Let a(f) = f**3 + 12*f**2 + 28*f + 35. Let s be a(-7). Calculate the highest common divisor of k and s.
14
Let x = 251 + -174. Calculate the greatest common factor of x and 286.
11
Suppose t + 5*g = 96, -3*t + 0*t = 5*g - 258. Suppose -j = 4*j - 45. Calculate the greatest common factor of j and t.
9
Let o = 21 - 9. Suppose -3*w + 3*c = -150, 2*c + 2*c = -3*w + 178. Suppose n + w = 4*n. Calculate the highest common factor of o and n.
6
Suppose -2*q + 4*j - 8*j = -40, -4 = j. Let y = -12 + q. Let p be 0 + -3 - 49/(-7). What is the highest common divisor of y and p?
4
Suppose -4*n = -n + 2*z - 799, -5*z = 4*n - 1070. Calculate the greatest common factor of n and 106.
53
Suppose 0 = -3*x + 336 - 240. Let f(i) = 2*i**2 + 8. Let u be f(-6). Calculate the highest common factor of x and u.
16
Suppose -4*s + 90 = 5*r, -12*r + 2*s = -17*r + 90. Calculate the highest common factor of 42 and r.
6
Let n = 11 - 6. Suppose -6*c + 0*c = -270. Calculate the greatest common divisor of n and c.
5
Let g(r) = -r**2 - 56*r + 69. Let q be g(-41). What is the greatest common divisor of 36 and q?
36
Let n(o) = 5*o**2 + o. Let r be n(6). Let f = 266 - r. Calculate the greatest common divisor of f and 16.
16
Suppose -5*k = -3*z + 840, 4*k = -5*z + 1107 + 330. What is the greatest common divisor of 15 and z?
15
Suppose 5*n = 25, 3*u - 3*n - 113 = -u. Suppose -32*z + 11*z = -84. Calculate the greatest common divisor of z and u.
4
Let m = -23 + 33. Let o be 412/m - (-120)/150. What is the greatest common divisor of o and 14?
14
Let h be 4/(2 - 4/3). Let m be ((-4)/(-10))/((-9)/(-1665)). Suppose 0 = 3*a + 2*l - 55, 4*a + 19 - m = l. What is the highest common divisor of a and h?
3
Suppose -27*i - 17*i = -220. Let l be (-34)/(-6) + (-1)/(-3). Let g = l + -5. What is the greatest common factor of g and i?
1
Let v be 1564/3 + (-14)/63*6. Calculate the highest common divisor of 65 and v.
65
Let y(c) = -c + 208 - 58 + 40. Let q be (-